, a*r - 51 = -3*r - t*s. Is r even?
True
Let k(v) = -2*v**2 + 6. Let x be k(-3). Does 43 divide (1/x*-1268)/((-1)/(-3))?
False
Let s = -17 - -15. Is 5589/23*((-8)/(-3) + s) a multiple of 25?
False
Suppose -5*y = -2*v - 5072, -5*v - 2277 - 770 = -3*y. Does 26 divide y?
True
Suppose 14*m + 60 = 34*m. Suppose -m*r - 3*q + 369 = -2*r, -4*q = -r + 348. Is 12 a factor of r?
True
Suppose -2*q = q + 9. Is (33/q)/(14/(-70)) a multiple of 9?
False
Is 10 a factor of 6480/((-12)/(-2)) + -10?
True
Suppose -26*j = -5*s - 24*j + 24826, -4*j = -3*s + 14904. Is 58 a factor of s?
False
Let k(x) = x**3 + 8*x**2 - 12*x - 17. Let l = 29 - 38. Let y be k(l). Is 16 a factor of (244/y)/((-16)/(-40))?
False
Let l = 167 + -149. Is 16 a factor of (-1856)/87*l/(-8)?
True
Suppose -95*p = -3986 - 35249. Does 7 divide p?
True
Let h = 1366 + 568. Is 143 a factor of h?
False
Let s be ((-22)/(-22))/(1/4). Let z be 4 - 2/s*4. Suppose 5*a - 409 = -z*i, 5*i - 62 = -a + 6. Is 32 a factor of a?
False
Let f(a) = a**2 - 8*a - 1. Let x be f(18). Suppose -2*p + x = 71. Is p a multiple of 54?
True
Let v(y) = 108*y - 321. Let r be v(3). Suppose 0*u - 2250 = -5*u. Suppose r*i - u = -3*i. Is 6 a factor of i?
False
Suppose -5*h + 4*s + 24876 = 0, 5*h + 24*s = 26*s + 24868. Is 30 a factor of h?
False
Let k = 4088 + 8526. Is 8 a factor of k?
False
Suppose -34*r + 4*r + 132090 = 0. Suppose -609 = 7*k - r. Does 9 divide k?
False
Suppose -4*x + 771*o = 772*o - 74878, 0 = -5*x - o + 93598. Is 104 a factor of x?
True
Let a(f) = 11*f + 3. Let v be a(-1). Let s be (-221)/(-52) - (-2)/v. Suppose 7*j + 3*z - 957 = 3*j, 20 = -s*z. Is j a multiple of 42?
False
Let a = 18623 + -12287. Is a a multiple of 33?
True
Let n(h) = h**3 - 11*h**2 + 30*h + 7. Let k = 263 - 255. Does 55 divide n(k)?
True
Suppose -10*j = -492 + 92. Is 11 a factor of 43545/j - 9/(-24)*1?
True
Let j be -3*-4*5/2*1. Let r(w) = -w**3 + 31*w**2 - 14*w - 13. Is r(j) a multiple of 33?
False
Let h(v) = v**2 - 2*v - 10. Let o be h(-3). Suppose 4*y + 2*a = -a + 6, 2*a - o = -3*y. Suppose -48 = -3*u - y*p, 0 = 3*u - 2*u + 4*p - 28. Does 12 divide u?
True
Suppose -4*b + 3*b + 2 = 0. Let v be (-2 + b - -3) + 0. Suppose -v*h = 4*h - 511. Is 6 a factor of h?
False
Let r(i) = 2*i**2 + 5*i + 21. Suppose 3*k - 3*w = -9, -8*w - 21 = 2*k - 5*w. Does 18 divide r(k)?
False
Suppose -5600 = 5*w - 23920. Suppose -11*g + w = -3860. Is 57 a factor of g?
True
Suppose 8*c - 15*c = -28098. Suppose -c + 114 = -12*l. Does 8 divide l?
False
Let j(z) = -16*z + 24. Let t be j(22). Let d = 487 + t. Is d a multiple of 13?
False
Let s = -752 - -2120. Let p be s - -2*1*3/6. Suppose 10*y - p + 119 = 0. Is y a multiple of 21?
False
Let u(h) = 67*h**2 + 33*h + 4. Does 49 divide u(8)?
False
Suppose -60*j + 63*j = -69. Does 22 divide j + 420 - (0 - (0 - 1))?
True
Let p = 4688 - -5776. Does 32 divide p?
True
Let p = -303 + -11. Let j = p + 546. Suppose -4*l + 3*b + 281 = 0, 0*b + j = 3*l + 2*b. Does 37 divide l?
True
Let b(h) = 241*h**2 + 3*h - 10. Is 156 a factor of b(-3)?
False
Let i be 1 - -2 - (4 - 36). Suppose -1 - i = 6*t. Is 3 a factor of 23 + -8*(-3)/t?
False
Let z = -42 + 50. Suppose 0 = z*y - 315 - 221. Is 6 a factor of y?
False
Let g = 1049 + -664. Suppose 6625 = 26*o + g. Does 40 divide o?
True
Let u(q) = -q**3 + 19*q**2 + 18*q + 40. Let n be u(20). Let p(l) = n*l**3 + 2*l**2 + l**2 - 2*l + 5*l**2 - l**3. Is 3 a factor of p(3)?
True
Is ((-11)/(330/162))/(6/(-670)) a multiple of 3?
True
Let h(a) = a - 4. Let t(n) = 2. Let b(z) = -3*h(z) - 5*t(z). Let q be b(0). Suppose q*k = 2*v + 220, 0 = 5*v - 0*v. Does 22 divide k?
True
Suppose -f - 3*a = 0, f - 15*a - 2 = -16*a. Suppose 5*t + 62 = 3*q - 846, 920 = f*q + t. Is 34 a factor of q?
True
Suppose 5*t + m = -2*m + 412, -4*t + 312 = -2*m. Let d be ((-12)/10)/((-24)/t). Suppose -4*q = 0, 2*c + d*q - 42 = 54. Does 24 divide c?
True
Let w = 352 + -355. Is (61/(-2))/(w/(14 - -4)) a multiple of 21?
False
Let z(s) = -s**2 + 2*s + 7. Let x be z(3). Suppose 0 = i + 4*q - q - 99, -4*i + x*q = -364. Suppose u - 49 = -0*p + 5*p, 3*u + 3*p - i = 0. Does 6 divide u?
False
Let a = -197 + 372. Let x = a - 115. Is x a multiple of 5?
True
Let k(p) = 51*p**3 + 20*p**2 - 87*p + 307. Is k(10) a multiple of 77?
True
Suppose -3*i + 6 = 3*h, -4 - 9 = -5*i - 2*h. Suppose -3*y - 2*k - i*k + 543 = 0, 0 = 4*k - 12. Does 8 divide y?
True
Let t = 229 - 240. Let q(b) = -11 - 6 + 7*b - b**3 + 2*b + 6*b - 9*b**2. Is 8 a factor of q(t)?
False
Let q = 2082 - -279. Is q a multiple of 20?
False
Let c(j) = 47*j**2 - 829*j + 22. Is c(26) a multiple of 8?
True
Suppose -108 + 620 = 2*c. Let i = -142 + c. Suppose 0 = 5*n - 594 + i. Is 32 a factor of n?
True
Let r(b) = -5*b**3 + b**2 - 8*b - 14. Let z(p) = 27*p**3 - 4*p**2 + 41*p + 71. Let q(a) = 11*r(a) + 2*z(a). Is q(-3) a multiple of 12?
True
Suppose 9*n - 32*n - 4*n = 0. Does 24 divide 593 + -53 + (8 - n)?
False
Let n(s) = -s**3 - 3*s**2 - 2*s + 8. Let k be n(0). Suppose 4*h + k*c = 6*c + 258, -3*c = 4*h - 261. Is h a multiple of 2?
False
Suppose -233*d = -228*d. Let s(z) = 5*z + 751. Is 15 a factor of s(d)?
False
Suppose 54*y - 707049 = -83*y + 109471. Is 88 a factor of y?
False
Let m be 0 + (3/(-2))/((-3)/10). Suppose -m*w = -2*o + 904, -32*w - 2 = -31*w. Is o a multiple of 29?
False
Is 18 a factor of 4*(-13)/(-26) - -941?
False
Let o(a) = 2*a**2 - 5*a - 3. Let x be o(4). Suppose u + x = -p, 3*p + 0*u - 3*u + 21 = 0. Let y = p - -109. Is 8 a factor of y?
False
Let u(m) = -m**2 - 17*m - 25. Suppose i + 61 = -5*n, -2*n = -0*n - 2*i + 34. Let s be u(n). Suppose -l = 2*l - s. Is l a multiple of 3?
True
Let v be 0*-4*(1 - (-18)/(-16)). Suppose 5*s - 4320 = -3*y + 3*s, v = -4*y + 5*s + 5760. Is 3/7 + (y/21 - -3) a multiple of 22?
False
Let n be -28*(-7)/(-14)*120/14. Let w = n - -125. Suppose 0 = w*p + 5*k - 1335, 0 = -k - 4*k + 15. Does 33 divide p?
True
Suppose -12*b + 15*b = 5*b. Suppose 2*d = 6*d + 4, b = 4*a - 3*d - 83. Suppose -16*u = -a*u + 740. Is 37 a factor of u?
True
Let z(o) = -2*o**3 - 15*o**2 + 16*o + 6. Let w be z(5). Let v = w + 618. Is v even?
False
Let y(p) = p**2 + 4*p - 42. Let x be y(-9). Suppose -34 - 155 = -x*f. Is 3 a factor of f?
True
Let m = 32217 - -7823. Is 56 a factor of m?
True
Suppose 3925 = 4*n + 2*s - 581, 0 = -n - 2*s + 1128. Is 12 a factor of n?
False
Let q(v) be the first derivative of -v**6/120 + v**4/24 + 45*v**3 - v**2/2 - 15*v - 26. Let z(l) be the second derivative of q(l). Does 45 divide z(0)?
True
Let c be ((-2)/(-5) + 0)*155. Let v = c - 52. Is (-6)/v + (-6 - (-1658)/5) a multiple of 25?
True
Let h be (-1)/(-3 - 561/(-186)). Let j = h - -103. Let t = 103 - j. Does 32 divide t?
False
Let c(w) = -w**3 + 17*w**2 - 3. Let u be c(17). Let o = u + 3. Suppose o = -39*a + 37*a + 80. Is a a multiple of 7?
False
Let j(x) be the first derivative of -x**4/4 - 7*x**3/3 - x**2 - 4*x + 24. Is 10 a factor of j(-7)?
True
Let a be 3/(-5) + 260559/65. Suppose -a = -18*f + 2472. Does 30 divide f?
True
Suppose 14826 = 4*j + 2*y, -230 = 2*j - 5*y - 7637. Is j a multiple of 63?
False
Suppose -d - 5*t = 14, 2*t - 22 = 5*d - 60. Let a be (28/d)/(32/48). Suppose -9*b + a*b + 312 = 0. Is 39 a factor of b?
True
Suppose 488931 - 1303043 = -103*n. Is n a multiple of 32?
True
Let i = 13 - 11. Suppose -2*r - i*f + 72 + 188 = 0, 2*r - 2*f - 264 = 0. Is r a multiple of 14?
False
Let s be (12/(-9))/4 + 1351/21. Is 14 a factor of 17904/s + 2/8?
True
Suppose -20*z + 3338 = -1102. Let t = z + -208. Does 7 divide t?
True
Let b(u) = -497*u + 823. Does 98 divide b(-10)?
False
Let b = 9293 - 5153. Does 180 divide b?
True
Suppose 140 + 5 = 5*a - 4*t, 2*t = -10. Let y = -48 - a. Let v = y - -90. Is v a multiple of 4?
False
Let q(j) = 28*j - 10. Suppose 4*r + 97 = 1. Let n be r/7 + 3 + (-45)/(-7). Does 17 divide q(n)?
False
Suppose -6*u + 27*u - 27840 = -43*u. Is 4 a factor of u?
False
Let x be (-1 - 2)*((-986)/(-3))/(-1). Let s = -644 + x. Suppose -4*u + s = -2*u + q, 0 = 3*q. Is 7 a factor of u?
False
Suppose -2*h - h = 3. Let u(d) = -179*d**3 + d - 6*d**2 + 17*d**2 - 3*d**2 - 5*d**2. Is u(h) a multiple of 22?
False
Let k(o) = -o**3 - 12*o**2 - 11*o + 18. Let p be (2/5)/(0 + (-4)/(-20)). Suppose 3*r = 3*m + 33, 27 = -p*m - r - 2*r. Is 15 a factor of k(m)?
True
Suppose 756 = 8*n - 4*n. Let p = n + -87. Supp